-10 - (-3 - (-60 + 12))?
-33
Evaluate (-147 - (48 + -97) - (-2 + 2)) + -21.
-119
Calculate 28 + (992 + -987 - (-1 - -48)).
-14
Calculate 1092 + -1185 + (93 - -1).
1
What is 61 + -139 + 46 + 73?
41
Calculate -1111 + 1211 - (4 - -41).
55
What is 3 + (-1 - (-1 + 4)) + 3 + (-224 - -194)?
-28
-59 + -8 + 60 + 10
3
Evaluate (78 - 34) + -31 - (-22 - (-2 - -1)).
34
4 - 11 - -11 - ((-19 - 8) + 34)
-3
78 - (-3 + 2 + 27 - (3087 - 3079))
60
Calculate (18 - (5 + -9)) + -9 + -22.
-9
Evaluate (67 - (57 - -31)) + 35.
14
What is the value of -4 + 7 - -26 - (-539 + 587)?
-19
Evaluate (-188 - -151) + 86 + 7 + (14 - (7 - 3)).
66
Evaluate (10 - -18) + -32 + (12 - 1) + 41.
48
What is the value of -3 - -9 - (-5 + (33 - 14)) - -1?
-7
5 + 0 + -15 + (88 - 100)
-22
(71 - 17 - -21) + 156 + -116
115
0 + (93 - -1) - (1111 + -1037 - (71 + -4))
87
Calculate (-84 - -70) + (61 - 10) + -8.
29
What is 10 + (31 + -13 + -15 - (-3 + -6))?
22
Evaluate (9 + -20 + -51 + 3 - 8) + -5.
-72
What is (44 - 125 - -85) + (1 - 92)?
-87
Evaluate 34 + (-27 - (-32 + 148)) + -13.
-122
Calculate 5 - (-32 + (5 - -32) - -103).
-103
Evaluate 31 + -1 + (-29 - (-11 - -9)) + 29.
32
40 - (82 - (63 + -107))
-86
Calculate -2 + (-104 - (0 + (1 + -1 - -4))).
-110
Calculate -47 + 51 - (-7 + 9 + -7) - 70.
-61
Calculate 45 + (-20 - (43 + 25)).
-43
(6 + -78 - -88) + -14
2
3720 + -3734 + 0 + 38
24
What is the value of -125 + 24 + 70 - -57?
26
Evaluate 27 + -50 - -47 - (16 + -7).
15
Evaluate 42 + (-84 - (-21 + 62)) + -47.
-130
Calculate (33 - 39) + (-9 - -8) + -14.
-21
1 - -19 - ((-6 - 0) + (1735 - 1721))
12
What is the value of -60 + 45 + 17 - -68?
70
What is -108 + (121 - (-118 - -218))?
-87
Calculate 8 + (-8 - -2 - -8) + (-3 - (-2 - 2)).
11
-140 - (-96 - -112 - 107)
-49
-3 + 1 + (-3 - -2) + -2 + (-7935 - -8025)
85
What is 2 + 2 - (4 + (-18 - -6) + -2 - -7)?
7
What is the value of -2 - 7 - (-21 - 7) - -7?
26
Evaluate 14 + -37 + 58 + 21.
56
What is (62696 - 62723) + (0 + 1 - -24)?
-2
What is 56 + -4 + -36 + -15?
1
Evaluate 18 - (-12 + (-17 - (-2 - 13)) + 76).
-44
What is the value of (-14 + 2 - (26 + -36)) + (49 + -5 - 14)?
28
Calculate -5 + (1 - 46) + 497 + -481 + 1.
-33
What is -9 - (-14 - (4 + 2 - 16))?
-5
What is -1 + -66 + 66 + (-133 - (-57 + -10))?
-67
Evaluate -3480 - -3479 - (17 + -1).
-17
Calculate 40 + (-48 + -6 - 1).
-15
Evaluate -2 + 6 + -17 + 10 + (5 - (-38 + -6)).
46
What is the value of -43 - -49 - (-4 + -3 + 2) - (-23 - -33)?
1
What is the value of (2 - -27) + (-144 - (49 - 109))?
-55
Calculate 7 - (-20 - (-45 + 26)).
8
Calculate (-12 + -19 - -49) + -17 + -2.
-1
112 + -46 + (-21 - (15 - 52))
82
Calculate (355 - 334) + 1 + -20 + 18.
20
Calculate 19 + -53 - -53 - 47.
-28
Calculate 9 + (-896 + 830 - (8 - (5 + -2))).
-62
Evaluate -4 + (40 - -18 - (-29 + 12)) + (-3 - 2).
66
What is the value of -2 - (18 + (24 - (43 - -23)))?
22
-26 + 52 + -6 + -51
-31
What is the value of (-4 - -2 - -1 - (200 + -188)) + 30?
17
What is the value of (-226 - -222 - -22) + (28 - -2)?
48
Evaluate 105 + (-24 - -14) - (-12 + -3 + 11).
99
Calculate (9 - (-43 + 41 - (-3 + (-2 - -7)))) + -2.
11
What is 27 - (-46 + 53 - 8)?
28
413 + -368 - (-2 - (-3 - 21))
23
Calculate (-1 - -1) + -37 + 10 + (2 - 11) + 0.
-36
-1 - (7 + 21 + (21 - 31))
-19
88 + (-166 - 51) + 256
127
Calculate 3 - ((0 - 46) + (-25 - -3) + 28).
43
Calculate 2 + 5 + 0 + -44 - (22 - 7).
-52
6 + (9 - 13) + 52 + 2 + -6 + -7
43
Calculate 1 + 35 + (-51 - -32 - (-7 - -1)).
23
Calculate (-14 - (-2 - 2)) + 6 - (36 + (8 - 5)).
-43
Calculate 10 + (-2 - 81) - (9 + -15 + 12).
-79
What is (-54 - 4) + (-13 - -1 - -2) + 101 + -101?
-68
What is (9 - -2 - -4 - -38) + -8?
45
Evaluate (-38 - (-56 + 44)) + -11 + (-1 - 1).
-39
What is the value of (-33 - (-34 + 4)) + (-33 - (-8 + 3))?
-31
Calculate 120 + (73 - 154) + 31.
70
Calculate 7 + (-12 - ((2 - -6) + -20) - 5).
2
What is -2 + 22 - (0 + 92 + 780 + -775)?
-77
Evaluate -38 + -4 + 9 - (88 - 105) - -17.
1
3 + -2 - -5 - (3827 - 3843)
22
What is 7 + (-14 - -45) + 12?
50
Evaluate -126 + 183 + 40 + -67.
30
What is the value of 12 + (-7 - 34) + 15 + -3 + -36?
-53
Calculate -5 - (-24 + 34 - 30) - -32.
47
What is 31 - ((-3 - -2) + 14 + -25 + 2)?
41
What is -41 + 6 - ((12 - 9) + -36)?
-2
Calculate -79 + 42 + -16 + (18 - 1).
-36
4 + 6 + -3 + (718 - 737)
-12
What is the value of 24 - (13 + -2 + 31 + -21)?
3
What is the value of (42 - (6 - -39)) + -1 + -1 + -3 + -1?
-9
(-2 + 4 - (8 + 7 + -11)) + 14
12
What is the value of (5 + 27 - 34 - 37) + -29?
-68
Evaluate 4 + -14 + (241 - 261).
-30
-32 + -4 + (-1 - -17) - -120
100
What is the value of (9 - 14 - -1) + (9 - -16) - (-4 - -4)?
21
14 + (-16 - (-1 + 14 - 14)) + 8
7
-2 + (1 - 42) + 0 + -7 + -96 + 107
-39
What is the value of 127 + -133 + (7 - 3) + 11 - 59?
-50
10 + (-34 - -49) + -36
-11
What is the value of -53 + 1 - (-2703 + 2732)?
-81
What is -11 - (-21 - -18) - (-16 - (0 + (-4 - -7)))?
11
What is (13 - 35) + -19 + 20 + 19?
-2
5 + 17 - (-16 - (0 + 3 - 34))
7
34 + -28 + -27 + (-16 - 10)
-47
(-3 + -1 - 1) + (0 - -57 - (114 + -69))
7
Evaluate 5 - 111 - (-994 - -914).
-26
Calculate -53 + (56 - 60 - (-2 - -33)).
-88
What is the value of (1 - (-11 + 0)) + 1873 + -1887?
-2
(44 - (303 + -252)) + 9 + -1
1
Evaluate 7 + (11 - (30 + -15)) - (-1 - 11).
15
What is ((-12 - -8) + (6 - -1) - (9 + 4)) + 101?
91
What is -39 - -10 - (61 - 134) - -2?
46
Evaluate 40 + -25 + 64 + -8 - 35.
36
Evaluate (2 - (-73 + 40)) + -4 + 9 + (-4 - -1).
37
Calculate 10 + -21 + -109 + 1 + -16.
-135
54 - (-17 - (-11 + -2 + -18))
40
-3 + 0 + -5 - (-53 - (-46 + 16))
15
89 - ((-10 - (-1 + 5)) + (-4 + 37 - 11))
81
Evaluate 1570 + -1623 + 0 + 0.
-53
Calculate 52 - 1 - (2258 + -2177).
-30
Evaluate (42 - -2) + (89 - 174).
-41
Calculate (-3090 - -3081) + (0 - 0) + 29 + 0.
20
Evaluate -21 - (20 + 15 + -13 + 2).
-45
Evaluate 3 + (1 - 1) - (-9 + 25 + -22 + 19).
-10
What is (31 - (-29 + 67)) + -3 + 33 + -30?
-7
What is 1 + -42 + ((-296 - -186) + 71 - (1 - 26))?
-55
78 + -51 - (-7 + 53)
-19
What is 4 + (-155 + (1 - -11 - 5) + 3 - -7)?
-134
What is -57 + 97 + -50 - -109?
99
(-25 - -1) + (435 - 335) - 25
51
Calculate 169 + 0 + 12407 + -12485.
91
Evaluate (-119 - (-3 - -2)) + (-30 - 28 - -53).
-123
Evaluate -25 - (1 + 0 - (10 + 0 + (4 - 14))).
-26
What is -10 + (-5 - 1 - (97 - 121)) - (5 - -63)?
-60
Calculate -5353 + 5421 + 1 + 14.
83
What is the value of (-83 - -51) + (-2 + -4 - -24) + 61?
47
What is (-1 - (5 - 3) - (217 - 232)) + -15?
-3
Evaluate (-75 - (9 - 31)) + 61 + -1 + -76.
-69
Evaluate (-4 - -113) + 15 + -1 + (-69 - -89 - 35).
108
Calculate -69 + (20 - -56) + 8 + (0 - -3).
18
Calculate -20 - (58 - (-4 - (-29 + 1))).
-54
(-6 + 2 + -1 - -12) + (4 - (-31 + 59))
-17
-49 + -76 - (-120 - -12)
-17
What is (3 - (1 - -1)) + 52 + (-42 - -4) + -47?
-32
Evaluate 68 - (12 - -42 - 69).
83
What is (-80 - -87) + (-6 - (-3 + 0)) + 30?
34
-16 - (0 - 45 - -12)
17
What is the value of 6 + (4 - (-8 + (-14 - -7) + 26))?
-1
34 + 70 + -127 + (37 - 0)
14
104 + -219 + 89 + -45
-71
What is 1 + -8 - (-5 - -6 - 4) - -6 - 1?
1
Calculate 75 + -117 + -23 + 37.
-28
What is the value of 8 + -13 + -3 + -5 + 3?
-10
Calculate 36 + 1 + -10 + 4 - (-179 + 168).
42
What is (-15 - -3) + -8 + -12 + 6 - (8 + -1)?
-33
Calculate (7 - (14 - (-6 + 23))) + -10.
0
Evaluate 0 + 46 + -39 + (6 - -14).
27
1 + -1 + -17 + (168 - (-44 - -210))
-15
Calculate 58 + -127 + 78 + (0 - (0 + -42)).
51
(-54 - -47) + (2 - 6) + (169 - 72)
86
Calculate 18 + (-18 - (-11 + (-22 - -16 - 8))).
25
3 - (-138 + 110 - (-56 + -7))
-32
What is (-5 - (-11 + (-1 - -9 - 3))) + 5 + -33?
-27
What is the value of 34 + -52 + (-6 - -12)?
-12
What is -54 + (-145 - -39 - -258)?
98
Calculate -15 - -76 - (24 + -4 - 5).
46
Evaluate -1 + -67 + -12 + -5 + 9 + -4 + 13.
-67
What is the value of (-4 - (-10 - (11 + -8) - -4)) + (20 - -3)?
28
What is -2 - (20 + (-24 + 10 - 56)) - (-1 + 10)?
39
What is the value of 5 - (-23 + -4 + 31 + -99)?
100
(-2 + 2 - (-15 - -11)) + (-55 - -17)
-34
Evaluate (15 - (10 - 12)) + -20 + (0 - -3).
0
What is -24 + 7 + (-30 - -33) - (53 - 2)?
-65
Calculate (-32 - -8) + -6 - (4 - 9 - 7).
-18
What is 2155 + -2235 - (1 - -26)?
-107
Calculate 2 + 2 + 94 + -18 + 29 + 20.
129
What is 41 + (2 - -4 - (-20 + 63 + -51))?
55
Calculate (16 + -21 - 31) + (134 - 163).
-65
Calculate 23 + -4 + (24 - (46 + -23)).
20
What is (